r of 675 and 33885.
135
Calculate the greatest common divisor of 55 and 50545.
55
What is the highest common factor of 268818 and 330?
66
What is the highest common factor of 210 and 7329?
21
What is the greatest common factor of 1931456 and 206?
206
What is the greatest common factor of 5004 and 1467?
9
What is the greatest common factor of 66845 and 290?
145
What is the greatest common factor of 23840 and 616115?
745
What is the highest common divisor of 48420 and 90?
90
Calculate the highest common divisor of 502 and 5534.
2
Calculate the highest common factor of 493 and 101133.
17
Calculate the highest common divisor of 402135 and 5.
5
Calculate the greatest common divisor of 13057 and 1430.
11
What is the greatest common factor of 120 and 179688?
24
What is the highest common divisor of 9246 and 18?
6
What is the greatest common factor of 1728 and 108?
108
What is the highest common divisor of 1542 and 6?
6
Calculate the greatest common divisor of 1463922 and 1336.
334
What is the greatest common factor of 33299 and 2814?
469
Calculate the greatest common factor of 4336 and 272.
16
What is the greatest common divisor of 228 and 14400?
12
What is the highest common factor of 6058 and 8?
2
Calculate the greatest common factor of 2652 and 171821.
13
What is the greatest common divisor of 36195 and 1140?
285
Calculate the greatest common divisor of 3484 and 23584.
268
Calculate the highest common divisor of 1987874 and 14.
14
Calculate the highest common divisor of 4653 and 330.
33
Calculate the highest common factor of 104 and 2020174.
26
Calculate the greatest common divisor of 622 and 1261416.
622
What is the greatest common divisor of 9060 and 1860?
60
What is the greatest common divisor of 6985 and 485?
5
What is the highest common factor of 52 and 306956?
52
What is the highest common divisor of 10 and 49750?
10
Calculate the highest common divisor of 23 and 136551.
23
Calculate the highest common factor of 432 and 3440.
16
Calculate the greatest common divisor of 76042 and 8492.
386
What is the greatest common divisor of 1180 and 3967750?
590
What is the greatest common factor of 8608 and 18304?
32
Calculate the greatest common factor of 3828 and 5154.
6
What is the greatest common divisor of 44 and 5951?
11
Calculate the highest common divisor of 33984 and 177.
177
What is the greatest common divisor of 804406 and 708?
118
Calculate the greatest common factor of 5670 and 2170.
70
What is the greatest common factor of 855 and 24320?
95
What is the highest common divisor of 36750 and 490?
490
What is the greatest common factor of 1919 and 13851?
19
Calculate the highest common divisor of 507609 and 63.
9
What is the highest common divisor of 127 and 73?
1
Calculate the highest common divisor of 19446 and 903.
21
What is the greatest common factor of 127131 and 93?
93
What is the highest common divisor of 316360 and 8360?
440
What is the greatest common divisor of 96 and 416544?
96
What is the greatest common factor of 3084 and 7296?
12
What is the greatest common divisor of 3287 and 1045?
19
Calculate the highest common divisor of 472 and 33925.
59
Calculate the greatest common divisor of 1285197 and 636.
159
Calculate the greatest common divisor of 147 and 27.
3
What is the greatest common factor of 20 and 179520?
20
Calculate the highest common factor of 564 and 61899.
141
Calculate the greatest common factor of 44 and 40854.
22
What is the greatest common divisor of 780 and 219921?
39
Calculate the greatest common divisor of 8 and 4480376.
8
What is the greatest common divisor of 3074 and 51504?
58
What is the greatest common factor of 7337 and 16192?
253
Calculate the greatest common factor of 18 and 4122.
18
Calculate the greatest common factor of 39168 and 21.
3
Calculate the highest common factor of 109117 and 513.
19
Calculate the greatest common divisor of 6912 and 74496.
768
What is the greatest common factor of 168 and 1037414?
14
Calculate the greatest common divisor of 1104997 and 53.
53
What is the highest common factor of 5934 and 1702?
46
What is the greatest common divisor of 101472 and 2478?
42
Calculate the greatest common factor of 429 and 10686.
39
What is the highest common divisor of 30190 and 225?
5
Calculate the greatest common divisor of 3042 and 15574.
26
What is the greatest common divisor of 1055600 and 1131?
377
What is the greatest common factor of 1662 and 408021?
831
Calculate the greatest common factor of 1581 and 558.
93
Calculate the highest common divisor of 14501 and 136.
17
Calculate the highest common divisor of 3285 and 180.
45
What is the highest common divisor of 904 and 6212?
4
What is the greatest common divisor of 515 and 55311?
103
Calculate the highest common divisor of 1760 and 917488.
176
Calculate the greatest common factor of 198 and 10170.
18
Calculate the highest common divisor of 16 and 4601776.
16
Calculate the greatest common divisor of 99 and 360987.
33
What is the greatest common divisor of 10 and 7614?
2
What is the greatest common divisor of 657685 and 21070?
1505
Calculate the highest common factor of 345472 and 128.
128
Calculate the greatest common factor of 3618 and 13230.
54
What is the highest common factor of 1808 and 26208?
16
What is the highest common divisor of 170 and 145010?
170
Calculate the greatest common divisor of 102011 and 20709.
767
What is the greatest common factor of 26 and 633763?
13
What is the greatest common factor of 9338 and 29232?
406
Calculate the greatest common factor of 27 and 108159.
3
Calculate the highest common factor of 817 and 37797.
43
What is the highest common divisor of 192867 and 159?
159
What is the greatest common divisor of 407 and 1650?
11
What is the greatest common factor of 14932 and 72?
4
What is the greatest common divisor of 58488 and 168?
24
Calculate the highest common factor of 1624 and 34307.
203
What is the highest common factor of 384 and 942?
6
What is the greatest common divisor of 546 and 13065?
39
Calculate the highest common factor of 39967 and 153.
17
What is the greatest common divisor of 2666 and 6293?
31
What is the highest common factor of 18148 and 2109356?
1396
What is the greatest common factor of 2094 and 9074?
698
Calculate the highest common factor of 145275 and 525.
75
What is the highest common factor of 43446 and 78?
78
Calculate the greatest common factor of 176251 and 1011.
337
What is the greatest common divisor of 1805 and 15275?
5
Calculate the highest common factor of 459 and 90504.
27
Calculate the highest common divisor of 249 and 192477.
249
What is the greatest common divisor of 31191 and 2109?
111
What is the highest common divisor of 10 and 230?
10
Calculate the greatest common factor of 2542 and 2666.
62
What is the greatest common factor of 12762 and 216?
18
Calculate the greatest common factor of 555 and 185.
185
What is the greatest common factor of 289376 and 24?
8
What is the highest common factor of 1632 and 8992?
32
Calculate the greatest common divisor of 5 and 5054305.
5
What is the highest common divisor of 162 and 10410?
6
What is the highest common factor of 2330 and 24495290?
2330
Calculate the highest common divisor of 224 and 70880.
32
Calculate the highest common factor of 49 and 4067.
49
What is the greatest common divisor of 418 and 13772?
22
Calculate the greatest common divisor of 301155 and 255.
255
What is the greatest common divisor of 18750 and 222?
6
Calculate the greatest common factor of 12792 and 429.
39
Calculate the greatest common factor of 1717725 and 19425.
2775
Calculate the highest common factor of 2729903 and 451.
451
Calculate the greatest common factor of 9 and 1590021.
9
What is the highest common divisor of 91 and 3283?
7
Calculate the highest common divisor of 106680 and 576.
24
Calculate the greatest common divisor of 96311 and 148.
37
What is the highest common divisor of 28 and 338828?
28
Calculate the greatest common factor of 44965 and 425.
85
What is the greatest common factor of 204189 and 3480?
87
What is the greatest common factor of 648 and 14010?
6
Calculate the greatest common factor of 1386 and 84798.
126
Calculate the greatest common divisor of 466 and 250.
2
What is the highest common divisor of 166225 and 59475?
1525
What i